late the greatest common divisor of 213526800 and 5760.
720
Calculate the greatest common factor of 79530 and 37070.
110
What is the greatest common factor of 15914 and 396098?
146
Calculate the highest common divisor of 183556 and 50576.
436
What is the highest common divisor of 75298144 and 7456?
7456
Calculate the greatest common divisor of 5373979 and 351.
13
Calculate the greatest common divisor of 21367976 and 2336.
584
Calculate the highest common factor of 377967 and 836.
19
What is the greatest common divisor of 35 and 526897370?
5
What is the greatest common factor of 1388 and 98201?
347
What is the highest common factor of 294 and 2550696?
6
What is the highest common divisor of 6256296 and 36?
36
Calculate the highest common divisor of 47335451 and 38003.
5429
Calculate the highest common factor of 594 and 29487348.
594
What is the highest common divisor of 231814 and 3362?
82
Calculate the highest common divisor of 2007126 and 154.
22
What is the highest common factor of 24945 and 89195?
5
What is the highest common divisor of 6489 and 761355?
63
Calculate the greatest common divisor of 5905 and 404945.
5
Calculate the greatest common factor of 16310702 and 246.
82
What is the greatest common divisor of 283291 and 397647?
2599
What is the highest common factor of 9673575 and 300?
75
Calculate the highest common factor of 46848417 and 42.
21
Calculate the greatest common divisor of 21700 and 320350.
50
Calculate the highest common factor of 64241028 and 34.
34
What is the greatest common factor of 300 and 12876150?
150
What is the highest common factor of 289 and 57954139?
17
Calculate the highest common factor of 68576 and 13088.
32
What is the highest common divisor of 4850 and 43261350?
50
Calculate the highest common factor of 1373985 and 8835.
285
Calculate the highest common factor of 225640 and 170.
10
Calculate the greatest common divisor of 575790 and 1530.
510
Calculate the greatest common factor of 1311 and 97084311.
69
Calculate the greatest common divisor of 150 and 349926.
6
What is the greatest common divisor of 964596240 and 540?
180
What is the highest common divisor of 27993751 and 9488?
593
What is the highest common divisor of 2051541 and 4671?
27
What is the highest common divisor of 1208 and 46216?
8
Calculate the highest common factor of 109296943 and 1303.
1303
Calculate the greatest common factor of 78 and 615275362.
26
Calculate the greatest common divisor of 111 and 3280494.
111
Calculate the greatest common factor of 8897 and 15463203.
217
Calculate the highest common divisor of 17968484 and 636.
212
Calculate the highest common divisor of 84 and 135798684.
84
Calculate the highest common factor of 3658650 and 1050.
150
What is the greatest common divisor of 950 and 505058?
38
Calculate the greatest common divisor of 36036 and 76524.
84
What is the highest common divisor of 55 and 2328647200?
55
What is the highest common factor of 4100 and 43890582?
82
What is the highest common factor of 2212821 and 9243?
117
Calculate the greatest common divisor of 1775947279 and 68.
17
What is the highest common factor of 131040 and 12088960?
2080
What is the greatest common divisor of 244069298 and 614?
614
Calculate the highest common factor of 1074987 and 31.
31
What is the greatest common divisor of 15554 and 1643876?
202
What is the greatest common divisor of 31815034 and 177582?
3482
What is the highest common factor of 3 and 4512618?
3
What is the greatest common divisor of 61810 and 430?
10
Calculate the highest common factor of 1515 and 3900115.
505
What is the greatest common factor of 3128 and 100441644?
1564
What is the highest common divisor of 2215 and 81289171?
443
Calculate the greatest common factor of 4824 and 266023098.
1206
Calculate the highest common divisor of 72276020 and 40.
20
Calculate the greatest common divisor of 2183666 and 22126.
1702
Calculate the greatest common factor of 23312 and 207752173.
1457
Calculate the highest common divisor of 5367 and 4241719.
1789
What is the highest common factor of 31396 and 299932?
668
Calculate the greatest common divisor of 376 and 1631276.
188
Calculate the highest common factor of 296389 and 205492.
41
Calculate the highest common divisor of 12063360 and 44530.
610
What is the greatest common divisor of 110285690 and 8740?
4370
What is the greatest common factor of 2770257 and 276279?
7467
Calculate the highest common factor of 150016590 and 92340.
5130
Calculate the highest common divisor of 1894 and 46182349.
947
Calculate the greatest common divisor of 8573 and 3942.
1
Calculate the highest common divisor of 425899875 and 175.
25
Calculate the highest common factor of 351 and 480012.
39
Calculate the greatest common divisor of 32 and 8232816.
16
What is the greatest common factor of 2173 and 1247779?
53
Calculate the greatest common divisor of 30373680 and 27100.
5420
What is the highest common factor of 186 and 181427841?
93
What is the highest common divisor of 105 and 5188827?
21
Calculate the greatest common factor of 2783 and 756533503.
2783
Calculate the highest common factor of 693042 and 412902.
1218
Calculate the greatest common divisor of 3 and 4641436.
1
Calculate the greatest common divisor of 42 and 90891003.
21
What is the highest common factor of 81818021 and 31?
31
Calculate the greatest common divisor of 924630 and 8210.
10
What is the greatest common divisor of 1705 and 12396032?
341
Calculate the greatest common divisor of 3191682 and 14586.
1326
Calculate the greatest common divisor of 62084 and 6389.
1
Calculate the highest common factor of 95589 and 7358676.
1677
What is the greatest common divisor of 354 and 8948946?
6
Calculate the greatest common factor of 52132 and 8524.
4
Calculate the highest common divisor of 71 and 10649503.
71
Calculate the highest common factor of 2616 and 10648536.
24
Calculate the highest common divisor of 31811267 and 26945.
5389
What is the greatest common factor of 1064539615 and 79?
79
What is the highest common divisor of 977 and 552500339?
977
Calculate the greatest common factor of 45817178 and 198.
22
Calculate the highest common factor of 552 and 18254272.
184
Calculate the highest common divisor of 108 and 83826.
18
What is the highest common divisor of 715704 and 59862?
66
What is the highest common factor of 16023 and 6931746?
327
What is the greatest common factor of 504 and 4772712?
168
What is the highest common factor of 1938950 and 710?
10
What is the greatest common divisor of 36801 and 1513945?
29
What is the highest common factor of 24349631 and 53?
53
Calculate the highest common divisor of 11736 and 674168.
1304
What is the highest common divisor of 142282104 and 13992?
1272
Calculate the highest common factor of 12996591 and 743469.
9411
Calculate the highest common divisor of 148600 and 69681512.
5944
Calculate the greatest common divisor of 52001179 and 67.
67
Calculate the highest common factor of 37080335 and 21545.
695
Calculate the highest common divisor of 2960 and 61640.
40
What is the highest common divisor of 2714910 and 52250?
2090
What is the highest common divisor of 30 and 663402?
6
What is the highest common divisor of 8215817 and 1737?
193
Calculate the highest common divisor of 1683 and 11922933.
561
Calculate the highest common factor of 272 and 90441904.
272
Calculate the highest common divisor of 29590520 and 260.
20
Calculate the highest common factor of 62738936 and 32985.
733
What is the greatest common divisor of 180 and 353730580?
20
Calculate the greatest common divisor of 238220 and 165.
5
Calculate the highest common divisor of 31920 and 137864.
152
What is the highest common factor of 4934 and 971391118?
4934
Calculate the greatest common divisor of 3393 and 14195532.
39
Calculate the highest common divisor of 1322 and 192967052.
1322
Calculate the greatest common divisor of 160 and 32530760.
40
What is the highest common divisor of 118 and 4246525?
59
What is the highest common divisor of 956 and 4850266?
478
Calculate the highest common factor of 6 and 3104754.
6
Calculate the greatest common factor of 58 and 2440437.
29
What is the greatest common factor of 212 and 244535693?
53
What is the highest common divisor of 345025 and 39150?
25